greatest common divisor of 70 and y?
14
Let a(j) = 45*j + 368. Let g be a(-8). Calculate the highest common factor of g and 288.
8
Suppose -45 = m + 2*m. Let f = m - -6. Let d be (-22)/4*(1 + f). Calculate the highest common factor of 11 and d.
11
Let a = 10 + 1. Suppose 60 = -a*y + 12*y. Let q be 10*1*(-4)/(-2). Calculate the highest common divisor of y and q.
20
Suppose 0 = q + j + 185, -4*q - 2*j + 0*j = 738. Let n = q - -310. Calculate the highest common divisor of n and 42.
42
Let f be -9 + (-3 - -4) - 3. Let t = f - -9. Let p be 6/(-2) - (-5 + t). Calculate the greatest common factor of p and 4.
4
Suppose -394 = 2*t - 3*c + 32, -3*t - 626 = 2*c. Let s be t*1*(-2)/4. Let n = 44422 + -44401. What is the greatest common divisor of n and s?
21
Let o = -15 + -23. Let r = o - -60. What is the highest common factor of r and 176?
22
Let k = 1054 - 894. What is the highest common divisor of k and 256?
32
Suppose -3 = -k, -5*k + 11 = -q - k. Let c(d) = 100*d**2. Let m be c(q). Let f be 162/8 + (-2)/8. What is the highest common factor of f and m?
20
Suppose 741 + 381 = 11*v. Calculate the greatest common factor of 255 and v.
51
Let x = -3 - -10. Let b(k) = -3*k + 34. Let m be b(0). Let n = -20 + m. What is the highest common divisor of n and x?
7
Let m = 16 - 3. Suppose -m - 35 = -2*b. Let c = 182 - 122. What is the greatest common divisor of c and b?
12
Suppose 690 = 38*v - 28*v. What is the highest common factor of 92 and v?
23
Suppose 3*n = -3*x - 7 - 5, -3*n - 4*x = 15. Let d be 4*(-3 - n)/(-4). Let t = -7 + 15. What is the greatest common divisor of d and t?
2
Let i be (-5)/(-20) + 694/8. Suppose -i = f + 2*f. Let m = f - -43. What is the greatest common factor of 28 and m?
14
Let u(j) = 6*j - 20. Let b be u(6). Let y(l) = -l**2 + 14*l - 33. Let i be y(7). What is the greatest common divisor of i and b?
16
Suppose -211 = -2*w - 9*d + 4*d, -4*d = -w + 73. What is the highest common divisor of 62 and w?
31
Let c(i) = 101*i - 697. Let q be c(7). Suppose -5*w = 4*j - 25, 0 = -2*j + 3*j + w - 6. What is the highest common factor of j and q?
5
Let f(t) = t - 47. Let p be f(-15). Let z = 10 - p. Suppose 0*u - 192 = -4*u. Calculate the greatest common divisor of z and u.
24
Let v be (-3 - -1) + 15 + 2. Let z = v + -15. Suppose z*p + 5*p - 75 = 0. Calculate the highest common divisor of p and 10.
5
Let o be (3 + -1)*(-2 + (-98)/(-4)). Suppose -o*v + 8 = -43*v. Calculate the greatest common divisor of 4 and v.
4
Let r(z) = 2*z**2 - 5*z + 6. Let o be r(1). What is the greatest common factor of 1 and o?
1
Let f(l) = -l**2 - 13*l - 4. Let i be f(-13). Let b = 5 - i. Let u be (9/4)/((-2)/(-24)). Calculate the highest common divisor of b and u.
9
Let u = -341 + 407. What is the highest common divisor of 6 and u?
6
Let u = 3 + 1. Let s be u/(-1*(-4)/16). What is the highest common factor of s and 112?
16
Let q = 1109 + -1067. What is the highest common factor of q and 66?
6
Suppose -2 = -2*n, n - 5 - 2 = -3*o. Calculate the greatest common divisor of o and 27.
1
Let l = 875 - 472. What is the greatest common divisor of 26 and l?
13
Let g = 40 - 35. Suppose -j + 3*r = 3*j - 18, -g*j + r = -28. Calculate the greatest common divisor of j and 48.
6
Suppose -77 = -5*l - 2*n, -8*n = -2*l - 3*n + 25. Suppose -8 = 4*d + 4*o, 5*d - 35 = 2*o + 2*o. What is the greatest common factor of d and l?
3
Let h = 1980 - 1578. What is the highest common divisor of h and 12?
6
Suppose 0 = p + n - 2*n - 16, -4*n - 19 = -p. Let g be 0 + 90/(-12)*-8. What is the greatest common divisor of g and p?
15
Let q be -9*((-106)/(-6))/(-1). Let l = 279 - q. What is the highest common divisor of l and 24?
24
Let l = -105 + 131. Calculate the highest common factor of l and 182.
26
Let l be (1 - 12/8)*0. Suppose l = -4*m - 2*m + 96. Calculate the highest common factor of m and 16.
16
Suppose -12*b + 627 = -2025. Calculate the highest common divisor of 170 and b.
17
Suppose 5*o + 12 = 4*c - 0*o, -c = -5*o - 3. Suppose 2*v - 10 = 0, -4*g + 5*v - 23 = -c*g. What is the highest common divisor of g and 3?
1
Suppose 0 = 2*g + 2*g - 52. Let d(r) = -9 + 23*r + 2 + 4 + 5. Let w be d(5). What is the highest common divisor of w and g?
13
Let q(s) = -s**3 - 34*s**2 - 65*s + 20. Let b be q(-32). What is the greatest common factor of 429 and b?
13
Let k(b) = 5*b**2 - 13*b + 54. Let o be k(5). Calculate the greatest common divisor of 19 and o.
19
Suppose -2*k - 3 = -3*k, 54 = z + 3*k. Calculate the highest common divisor of 27 and z.
9
Suppose 6*c - 17 = c + 4*z, 4*z - 13 = -c. Suppose -3*k + c*k - 24 = 0. Let a be (-1)/2 - (-169)/2. What is the greatest common divisor of k and a?
12
Let l = 0 + 2. Let v(d) = -d**2 + 6*d - 3. Let a be v(l). Suppose -a*h = -6*h + 1. Calculate the greatest common divisor of 3 and h.
1
Suppose 17*a - 12 = 73. Let g = 25 + 15. Suppose l - 2*r + 0*r = g, 0 = -4*l + 2*r + 160. What is the greatest common factor of a and l?
5
Let d(p) = 6*p**2 - 6*p - 20. Let m be d(6). What is the greatest common factor of m and 40?
40
Let d be (-28)/126 - 3921/(-27). Calculate the highest common factor of 58 and d.
29
Let d = -142 + -311. Let z be 6/((-30)/25) - d. What is the highest common divisor of 56 and z?
56
Let c be (90 + -92)/(1/(-4)). Calculate the highest common divisor of 16 and c.
8
Suppose -70*r + 1521 = -31*r. What is the greatest common factor of r and 429?
39
Suppose -6*p = -153 + 15. Calculate the greatest common divisor of 69 and p.
23
Suppose 14*h - 177 - 243 = 0. Calculate the highest common factor of h and 690.
30
Let n be 3/((-18)/(-20))*6. Suppose 339*x - 1381 = 3704. What is the highest common divisor of n and x?
5
Let g = -297 - -318. What is the greatest common divisor of g and 63?
21
Let g(a) = -5*a + 66. Let o be g(-11). What is the highest common divisor of 11 and o?
11
Let t(k) = 3*k**3 - k**2 - 6*k + 6. Let u be t(3). Suppose -7*p = -12*p + u. Calculate the greatest common divisor of p and 48.
12
Let x(c) = -2*c - 16. Let j be x(-11). Let u(t) = 3*t - 5. Let d be u(j). What is the highest common factor of d and 91?
13
Suppose -2*l + 6 = 0, m - 2*m + 5*l + 342 = 0. Calculate the highest common factor of m and 21.
21
Let s = -259 + 296. Suppose -3290 = 4*l - 0*l - 3*z, 3*z = 3*l + 2469. Let u = l - -1228. What is the highest common divisor of s and u?
37
Let w = 95 + -69. Let k = w + -18. What is the highest common factor of k and 68?
4
Let g(y) = -12*y**2 - 448*y - 43. Let r be g(-37). What is the highest common divisor of r and 15?
15
Let o be ((-1143)/1)/(-2*(-57)/(-380)). What is the highest common divisor of 30 and o?
30
Suppose 16*h - 171 = 85. Suppose -4*b = -5*s + 407 - 22, -5*b + 2*s = 460. Let v = -50 - b. Calculate the highest common divisor of v and h.
8
Let w(j) = 3*j**3 - 3*j**2 + 3*j - 6. Let y be w(2). Let f(g) = -g**3 + 14*g**2 - 20*g + 2. Let x be f(y). What is the highest common factor of 125 and x?
25
Let q = -61 + 66. Let o(t) = -t**2 + 13*t + 4. Let p be o(q). Calculate the greatest common divisor of p and 11.
11
Let w be (190/15)/(4/138). Calculate the greatest common divisor of 19 and w.
19
Suppose 2*l - 5*d = 21, -4*d - 75 = -4*l - 5*d. Calculate the highest common divisor of 1458 and l.
18
Let n be (2 + 1)*4/6. Suppose -4*v - 70 = -3*f, 0*f = -n*f - 2*v + 56. What is the highest common divisor of 2 and f?
2
Let x(k) = -34*k + 7. Let r be x(3). Let a = 101 + r. Suppose -2*g + 3*z - 6*z + 90 = 0, 0 = 3*g + 3*z - 132. Calculate the greatest common factor of g and a.
6
Let j = 563 + -464. What is the highest common divisor of 528 and j?
33
Let d = -68 + 238. Calculate the greatest common divisor of d and 17.
17
Suppose 4 = 2*t + 2. Suppose q = -t + 17. Calculate the highest common factor of q and 80.
16
Suppose -2*s + 5*s = 111. Suppose n = 2*n + 12. Let y = n + s. Calculate the highest common divisor of y and 10.
5
Let m be (536 - 2)*(-11)/(-33). Suppose 4*a = -3*n - 48 + m, 5*n - 3*a - 265 = 0. Calculate the greatest common divisor of n and 20.
10
Let v(q) = -124*q + 1141. Let u be v(7). Calculate the highest common factor of u and 21.
21
Let q(k) = 15*k**2 - 2*k - 2. Let z be q(2). Let y = 681 - 643. Suppose -y = -4*o + o + u, -4*o + 3*u = -z. Calculate the highest common factor of o and 72.
12
Let c(q) = 2*q**2 + 14*q - 136. Let h be c(